 4 + 9. Give b(g).
7
Suppose 6 = -2*y - 0*y + 3*w, 0 = 4*y + 5*w + 12. Let j(h) = 3*h**3 + 2*h**2 - 5. Let d(k) = -2*k**3 - k**2 - k + 4. Let x(i) = -4*d(i) - 3*j(i). Give x(y).
-4
Let f(p) = p**3 - 6*p**2 - 9*p + 7. Suppose -4 - 10 = -2*l. What is f(l)?
-7
Let j(f) = f**2 + 3*f - 2. Let m be j(4). Suppose -2 = -g + 4*p + 16, 5*g - 4*p - m = 0. Let h(r) = 2*r**2 - 2 - r**2 - 2*r**2 + g*r. What is h(2)?
-2
Let z(d) = d**2 + 5*d - 5. Suppose 0 = -2*w - 0*w + r - 8, -3*w = 5*r + 38. Calculate z(w).
1
Let j(x) = -5*x + 10. Let m(t) = 3 + 0 - 14*t + 31 - 4. Let n(u) = -17*j(u) + 6*m(u). Calculate n(-6).
4
Let c(z) = 6*z**2 + 11. Let v(h) = -5 + 37*h - 3*h**2 - 19*h - 18*h. Let g(s) = 4*c(s) + 9*v(s). What is g(-1)?
-4
Suppose 2*y + 4*l - 23 = -1, 5*y - l = 22. Let r(g) = -g + 4. What is r(y)?
-1
Let d(q) = q**2 - 2*q + 3. Let p be 4/(-16) + (-205)/(-4). Let s be p/15 - (-2)/(-5). What is d(s)?
6
Let h(w) = -2*w**2 + 10*w - 7. Let l(d) = -3*d**2 + 11*d - 8. Let y(z) = 4*h(z) - 3*l(z). What is y(-7)?
-4
Let s(b) = -27*b + 15*b + 14*b + 1. Determine s(-4).
-7
Let j(v) = v**3 - 3*v**2 + v. Let t be j(2). Let a be 0/(1*t) + 2. Let g(y) = -y**3 + 4*y**2 + 2*y**3 - a*y**3. What is g(4)?
0
Suppose 2*g + 16 = -0*g - 2*u, -4*g + 13 = -5*u. Let x(s) = s**3 + 2*s**2 - 3*s - 4. Determine x(g).
-4
Let u(l) be the first derivative of l**4/4 + 2*l**3/3 - 3*l**2/2 - 2*l + 51. Suppose -8 = 3*o + 1. Calculate u(o).
-2
Suppose -2*g - 2*l = -7*g + 14, -l - 1 = -g. Let h(j) be the second derivative of j**3/3 + 3*j**2/2 - j. Determine h(g).
11
Let f = 8 + -8. Let w(s) be the third derivative of 0 + 0*s**3 + 3*s**2 + 1/12*s**4 + f*s. Give w(-1).
-2
Let a(v) = -v**3 + 5*v**2 + 5*v + 8. Let i be a(6). Suppose 0*h + i*m = 3*h + 15, -m = 3*h + 24. Let o(f) = f**2 + 6*f - 4. Calculate o(h).
3
Let y = 57 + -49. Let s(r) = -r**2 + 8*r + 7. Give s(y).
7
Let a(s) = -3 - 3*s + 2*s - 5*s**2 + 2. Determine a(-1).
-5
Let i(j) be the second derivative of -2*j**3/3 - j**2/2 - 6*j. Suppose g + 6 = n, 3*g - 4*g + 6 = 5*n. Calculate i(n).
-9
Suppose 2*x = -l - 9, -1 = l + x + 3. Let j(u) = 28*u - 1. Give j(l).
27
Let r = -1 - -5. Let y be -1*(-1*r - -1). Let p(t) = -t**2 + 4*t - 2. Calculate p(y).
1
Let y(d) = d - d**2 + 2*d**3 + 2*d**2 - d**2. Let k be ((-8)/10)/(1/(-5)). Suppose -k*v = v - 5. What is y(v)?
3
Let g(v) = v**3 - 4*v**2 - v + 2. Suppose 0 = -2*d + 8. Calculate g(d).
-2
Let b(t) = -4*t**2 + 11*t - 14. Let z(p) = -3*p**2 + 7*p - 9. Let y(x) = -5*b(x) + 7*z(x). Give y(-7).
0
Suppose i - 3*w = -10 - 2, -3*w = 3*i - 12. Let d(f) = -f - 7. Determine d(i).
-7
Let j = 115 - 119. Let z(x) = x + 1. Determine z(j).
-3
Let o be 5*(-2 + (-28)/(-12))*3. Let z(j) = j**2 - 4*j + 3. Give z(o).
8
Let m(l) = 27*l**2 - 3*l - 26*l**2 + 4 + 0. Determine m(3).
4
Let n be 4/(-6)*231/(-22). Suppose -3*p - 3*u - n = -u, 0 = 3*p + 5*u + 13. Let d(k) be the first derivative of -7*k**4/4 - 2*k**3/3 - k**2/2 + 1. What is d(p)?
6
Let q(j) = j**2 + 10*j + 9. Let g(d) = -5*d + 36. Let u be g(9). Calculate q(u).
0
Let q be (0 - -1)*2*1. Let b(y) = -4*y**3 - 2 + q*y**2 - 3*y + 5*y**3 - y. Let a be -2 + ((-9)/3)/3. Calculate b(a).
1
Let u(j) = j + 12. Let n(z) = -z - 1. Let i(s) = -2*n(s) - u(s). Give i(0).
-10
Let z = -9 - -14. Let x(s) = s**3 - 6*s**2 + 7*s - 5. Let q be x(z). Let k(d) = -d**2 + 3*d - 5. Give k(q).
-15
Let z(a) = 2*a**3 + a - 1. Let t(u) = -u. Let n be t(-1). Let g be z(n). Let d(y) = 2*y**2 + 4*y - g - 3 + 2. Calculate d(-4).
13
Let t(l) = -2*l**2 - l - 2. Let m(g) be the second derivative of -g**4/12 + g**3/3 - g**2 + 7*g. Let u be m(2). Calculate t(u).
-8
Let l(p) be the third derivative of p**4/24 + 5*p**3/6 + 3*p**2. Give l(-4).
1
Suppose -4*p + 25 = 3*w, -10 = -p + 3*w - 0. Let a(r) = -p*r + 5*r + 4 + 5*r - 2*r. Give a(-5).
-1
Let x(j) be the third derivative of -j**5/60 - j**4/4 - j**3/3 - 25*j**2. Determine x(-3).
7
Let x(o) = -5*o**3 - 8*o**2 - 3*o - 23. Let h(q) = 2*q**3 + 3*q**2 + q + 8. Let v(f) = -8*h(f) - 3*x(f). Let m be (-4)/10 - (-10)/25. Calculate v(m).
5
Let i(q) = 3*q**3 - 2*q**2 + 1. Let s(t) = -t**3 - t + 1. Let p be s(0). Determine i(p).
2
Let t(y) = -y**3 - 7*y**2 + y + 7. Let q be t(-7). Let d(k) = -7*k**2 + 16. Let b(m) = -m**2 + 1. Let v(a) = 6*b(a) - d(a). Determine v(q).
-10
Let c(k) be the third derivative of k**5/60 + k**4/3 + 4*k**3/3 + 6*k**2. Calculate c(-7).
1
Let y(l) = -3*l + 6. Let q(z) = z**3 - 4*z**2 + 89*z - 90*z + 17 - 8*z**2. Let t be q(12). Determine y(t).
-9
Let k(o) = 2*o - 3. Let u be k(3). Suppose -2*z + u*z - 6 = 0. Let p(d) = -d**3 - z*d**2 - 4 - 4 - 4*d + 3. What is p(-5)?
-10
Let k = 10 + -7. Suppose -2*v + 3*v = -5*u + 22, k*v - 10 = -u. Let g(z) = -z**3 + 4*z**2 + u + 2*z**3 - 3 + z. Give g(-2).
7
Suppose -4*y = -0*y - 24. Let z(q) = -q + 1. Let u(j) = j - 1. Let v(n) = y*u(n) + 5*z(n). What is v(6)?
5
Suppose -q - 2*g = 3*g - 3, 0 = 5*q + 5*g + 5. Let u be 2/(-5) + 4/10. Let d(s) = -2*s**2 + 3*s - s**3 - 2*s + u*s**3. Determine d(q).
-2
Let u(o) = o**2 + 3*o + 3. Let k be 18/(-15)*(-10)/(-4). Give u(k).
3
Let l(n) = n**2. Let s(t) = 6*t**2 - 4*t**2 - 8*t - t**2. Let m be s(8). Determine l(m).
0
Let s(r) = 4*r + 15*r**2 + 2 - 32*r**2 + 11*r**2 + 2 + r**3. Let v(a) = -2*a**3 - 2*a**2 + a - 1. Let h be v(-2). What is s(h)?
-1
Let h(a) = 17*a + 29. Let z(b) = -11*b - 19. Let m(q) = -5*h(q) - 8*z(q). Let d(x) = x**3 + 6*x**2 + 5*x - 5. Let v be d(-5). What is m(v)?
-8
Let m = -16 + 18. Let r(y) = -5 + 3*y**2 - y + 2*y**2 + 2*y**2 - 6*y**m. Calculate r(0).
-5
Let c(y) = -y**2 + 5*y. Let b = -3 + 9. Suppose -2*v + v = -b. Let o be 22/v + 2/6. What is c(o)?
4
Let s(d) = 3*d**2 - 10*d - 3. Let w(u) = 2*u**2 - 5*u - 2. Let t(m) = -3*s(m) + 5*w(m). What is t(-6)?
5
Let m = -2 - -4. Let x be m/(1 - (1 - 1)). Let j(i) = 1 - 6*i**2 + 2*i**3 + x*i**2 + 4*i**2 + i. Calculate j(-1).
-2
Let x = 43 + -23. Let g(q) = -x - 4*q + 20. Calculate g(2).
-8
Let b(x) = 1 - 4 + x - 4. Let d(k) = k**2 + k + 5. Let g be d(0). What is b(g)?
-2
Let k(u) = -3*u**2 + u. Let f = 10 + -9. Determine k(f).
-2
Let k(u) = -5*u**2 + 14*u - 6. Let b(f) = 6*f**2 - 15*f + 5. Let v(n) = 4*b(n) + 5*k(n). Determine v(7).
11
Let k(h) = 5*h + 1. Suppose -3*s + s = u - 3, s - 12 = -4*u. Suppose 1 = u*t - 5. Suppose 0 = 3*j - t*j - 1. Determine k(j).
6
Let w(v) = 4*v - 8. Let j(q) = -11*q + 23. Let u(o) = -3*j(o) - 8*w(o). What is u(5)?
0
Let q = 37/2 - 18. Let o(v) be the second derivative of 0*v**2 - 3*v + 1/4*v**4 - q*v**3 + 0. Give o(2).
6
Let y(k) = k**2 - 2*k + 4. Let d = 6 + -8. Let g(h) = -h**3 - h**2 - h - 5. Let m be g(0). Let s = d - m. What is y(s)?
7
Suppose 0 = -9*i + 18. Let f(z) = z**3 - z**2 + 2*z - 2. What is f(i)?
6
Let d = 8 - 8. Let g(a) = a**2 + 0*a - 3*a**3 + a**3 - a + d*a**3. Give g(1).
-2
Suppose -4*g - 24 + 0 = 0. Let h(i) = -i**2 - 5*i + 5. Give h(g).
-1
Let q(b) be the third derivative of 5/24*b**4 + 0 + 1/60*b**5 + 2/3*b**3 + 0*b - 4*b**2. What is q(-3)?
-2
Let q(i) = -i**3 + i**2 - i + 1. Let l(m) = 5*m**3 - 12*m**2 + 4*m. Let h(y) = l(y) + 6*q(y). Let j = 3 - 8. Determine h(j).
-9
Let l be (-1 + 4/3)*6. Let f be (-20)/2*(2 - 4)/4. Let u(i) = 3*i**3 - 6 - i**l + f*i**2 - 2*i**3 + 0*i**2 - 7*i. Calculate u(-5).
4
Let b = 0 + 0. Let k be 1 - (1 + b - 0). Let t(q) = -3 + q + k*q - 6. Calculate t(0).
-9
Suppose d + 10 = 6*d. Let h(l) be the first derivative of 1/3*l**3 + 2 - 3/2*l**d + 0*l. Calculate h(3).
0
Let w(s) = -s - 3. Suppose 4*q + 9 - 1 = 0. Let b be 40/12*(-6)/q. Suppose 0 + b = 2*k. Give w(k).
-8
Let i(v) = 8*v**2 - 1. Let u = -4 + 5. What is i(u)?
7
Let k = 7 - 3. Let c be 4*1*(-2)/2. Let q = k + c. Let j(x) = x**3 - x - 7. Calculate j(q).
-7
Let k(c) = -c - 1. Let m be (3/9)/((-3)/(-9)). Let x(a) = 1. Let j(b) = m*x(b) + k(b). Let u be 3*12/54 + 34/(-6). Give j(u).
5
Let l(p) = 10 - 2*p - 1 + 3*p. Calculate l(-4).
5
Let s(u) = -u**3 + 3*u**2 + 5*u - 3. Suppose -t - 15 + 107 = 0. Let r be t/22 + (-4)/22. Determine s(r).
1
Suppose 0*d - 2*d + 4 = 0. Let t = 6 - d. Let v(r) = -1 - r - t*r**2 - 2 + 4. Give v(1).
-4
Let c(w) = w - 11. Suppose 13 = 4*r + 1. Let v be ((-100)/(-12))/5*r. Give c(v).
-6
Let x(q) = -13 + 2*q + 34 - 22. What is x(2)?
3
Suppose -5*f + 3*o + 2 = -10, 2*o = -5*f + 17. Suppose f*d - 12 = -k, -3*k + 20 = 5*d + k. Let q(m) = m*